divide 2734?
False
Is 382 a multiple of 28?
False
Does 11 divide 2156?
True
Does 9 divide 1152?
True
Is 86 a factor of 6020?
True
Is 33 a factor of 1221?
True
Is 180 a multiple of 9?
True
Is 15 a factor of 484?
False
Does 39 divide 2058?
False
Does 25 divide 33910?
False
Does 30 divide 10127?
False
Is 68 a multiple of 2?
True
Is 63 a factor of 378?
True
Is 189 a factor of 40068?
True
Is 59 a factor of 885?
True
Is 6 a factor of 1206?
True
Is 1858 a multiple of 15?
False
Does 9 divide 29412?
True
Is 90 a factor of 1800?
True
Is 8964 a multiple of 9?
True
Is 56 a multiple of 2?
True
Is 1794 a multiple of 26?
True
Is 33 a factor of 693?
True
Does 21 divide 2331?
True
Does 18 divide 90?
True
Is 36 a factor of 44775?
False
Is 3 a factor of 674?
False
Is 25752 a multiple of 111?
True
Is 22 a factor of 14498?
True
Is 11 a factor of 12438?
False
Is 16 a factor of 227?
False
Is 18711 a multiple of 7?
True
Is 4 a factor of 484?
True
Does 49 divide 5855?
False
Is 35 a factor of 57826?
False
Is 98 a factor of 2195?
False
Does 110 divide 12145?
False
Is 3768 a multiple of 12?
True
Does 21 divide 31710?
True
Is 9924 a multiple of 4?
True
Does 8 divide 477?
False
Does 51 divide 2397?
True
Is 303 a multiple of 75?
False
Does 30 divide 4450?
False
Does 37 divide 74?
True
Does 101 divide 4545?
True
Is 33 a factor of 985?
False
Does 131 divide 524?
True
Is 3400 a multiple of 100?
True
Is 15532 a multiple of 44?
True
Is 9 a factor of 580?
False
Is 94 a factor of 752?
True
Is 66 a factor of 508?
False
Is 23484 a multiple of 114?
True
Is 864 a multiple of 26?
False
Does 3 divide 269?
False
Does 67 divide 3450?
False
Does 30 divide 150?
True
Is 22119 a multiple of 8?
False
Is 1203 a multiple of 5?
False
Is 60 a factor of 2566?
False
Is 17 a factor of 131?
False
Does 32 divide 17344?
True
Is 836 a multiple of 9?
False
Is 34 a factor of 862?
False
Is 31 a factor of 3565?
True
Is 569 a multiple of 5?
False
Does 117 divide 1065?
False
Does 42 divide 1217?
False
Is 5 a factor of 230?
True
Does 12 divide 508?
False
Is 47 a factor of 292?
False
Is 11977 a multiple of 16?
False
Is 794 a multiple of 17?
False
Is 4704 a multiple of 28?
True
Is 24 a factor of 1286?
False
Is 452 a multiple of 86?
False
Is 6485 a multiple of 107?
False
Is 228 a multiple of 2?
True
Is 2436 a multiple of 14?
True
Is 117400 a multiple of 25?
True
Does 28 divide 29128?
False
Is 15 a factor of 22692?
False
Does 22 divide 29628?
False
Is 19000 a multiple of 100?
True
Does 29 divide 9715?
True
Is 53 a factor of 424?
True
Does 53 divide 258?
False
Is 1847 a multiple of 44?
False
Does 13 divide 30069?
True
Is 627 a multiple of 57?
True
Does 54 divide 54508?
False
Does 15 divide 15437?
False
Is 14080 a multiple of 176?
True
Is 13410 a multiple of 9?
True
Is 18 a factor of 1081?
False
Is 3 a factor of 89?
False
Is 25 a factor of 54725?
True
Does 3 divide 2961?
True
Is 75 a factor of 48976?
False
Does 49 divide 33565?
True
Is 18 a factor of 27837?
False
Is 2151 a multiple of 7?
False
Is 9 a factor of 8006?
False
Does 52 divide 7956?
True
Is 9272 a multiple of 23?
False
Is 727 a multiple of 40?
False
Does 17 divide 837?
False
Is 92 a factor of 105369?
False
Does 12 divide 1651?
False
Is 21 a factor of 834?
False
Does 128 divide 3985?
False
Is 7 a factor of 373?
False
Is 5 a factor of 103?
False
Is 12 a factor of 521?
False
Does 46 divide 1350?
False
Is 1843 a multiple of 19?
True
Does 10 divide 6650?
True
Is 8 a factor of 216?
True
Does 13 divide 7917?
True
Does 8 divide 328?
True
Does 14 divide 849?
False
Is 3332 a multiple of 6?
False
Does 22 divide 836?
True
Is 29 a factor of 2755?
True
Is 22572 a multiple of 36?
True
Is 5458 a multiple of 52?
False
Is 8625 a multiple of 23?
True
Is 10 a factor of 4490?
True
Is 306 a multiple of 51?
True
Does 7 divide 25170?
False
Is 20 a factor of 326?
False
Is 16 a factor of 14160?
True
Does 45 divide 44150?
False
Is 104 a factor of 20130?
False
Is 35424 a multiple of 96?
True
Is 13 a factor of 492?
False
Is 348 a multiple of 12?
True
Is 51 a factor of 445?
False
Is 60 a factor of 540?
True
Does 25 divide 6775?
True
Is 37 a factor of 778?
False
Is 6463 a multiple of 60?
False
Does 2 divide 3420?
True
Does 4 divide 220?
True
Is 18 a factor of 1934?
False
Is 4160 a multiple of 104?
True
Is 2420 a multiple of 10?
True
Is 12 a factor of 16893?
False
Does 67 divide 3263?
False
Does 10 divide 1680?
True
Is 6326 a multiple of 6?
False
Does 5 divide 1320?
True
Is 54651 a multiple of 72?
False
Is 28 a factor of 1372?
True
Is 8435 a multiple of 5?
True
Is 2328 a multiple of 12?
True
Does 2 divide 6517?
False
Is 8564 a multiple of 92?
False
Is 24 a factor of 648?
True
Does 21 divide 798?
True
Is 57 a factor of 22014?
False
Is 46 a factor of 2024?
True
Is 4 a factor of 113?
False
Is 44 a factor of 2951?
False
Is 15 a factor of 291?
False
Does 9 divide 18270?
True
Is 1287 a multiple of 39?
True
Is 3 a factor of 888?
True
Is 530 a multiple of 10?
True
Is 5936 a multiple of 16?
True
Is 2 a factor of 222?
True
Is 78145 a multiple of 5?
True
Does 75 divide 4950?
True
Is 21 a factor of 438?
False
Is 212 a multiple of 53?
True
Is 7 a factor of 119?
True
Is 23247 a multiple of 21?
True
Is 14 a factor of 3206?
True
Is 1218 a multiple of 21?
True
Is 18 a factor of 17514?
True
Is 147 a factor of 11486?
False
Is 7 a factor of 3175?
False
Is 59 a multiple of 11?
False
Is 12798 a multiple of 131?
False
Is 612 a multiple of 17?
True
Is 9 a factor of 693?
True
Is 18 a factor of 7326?
True
Is 105 a multiple of 5?
True
Is 529 a multiple of 25?
False
Is 13646 a multiple of 66?
False
Does 7 divide 1452?
False
Is 17 a factor of 350?
False
Does 67 divide 2049?
False
Is 22 a factor of 198?
True
Does 31 divide 32588?
False
Is 7473 a multiple of 47?
True
Is 79 a factor of 36549?
False
Does 44 divide 308?
True
Does 10 divide 77?
False
Is 127 a factor of 3136?
False
Does 11 divide 1669?
False
Does 42 divide 781?
False
Does 93 divide 7626?
True
Is 17 a factor of 943?
False
Is 4030 a multiple of 13?
True
Is 6 a factor of 648?
True
Is 51 a factor of 8517?
True
Is 438 a multiple of 6?
True
Is 35351 a multiple of 53?
True
Is 317 a factor of 53917?
False
Is 12 a factor of 2656?
False
Is 1145 a multiple of 5?
True
Is 142 a factor of 21584?
True
Does 14 divide 96?
False
Does 23 divide 1950?
False
Is 57 a factor of 45543?
True
Does 17 divide 947?
False
Does 2 divide 44?
True
Is 79 a multiple of 10?
False
Does 4 divide 7852?
True
Is 1942 a multiple of 85?
False
Is 123 a factor of 633?
False
Is 5 a factor of 310?
True
Does 167 divide 35404?
True
Does 40 divide 81000?
True
Does 19 divide 83535?
False
Is 130 a factor of 11130?
False
Is 35 a factor of 2800?
True
Does 15 divide 174075?
True
Does 55 divide 2200?
True
Is 174 a factor of 129820?
False
Does 14 divide 1530?
False
Does 39 divide 49529?
False
Is 167 a multiple of 14?
False
Is 19 a factor of 750?
False
Is 6 a factor of 26354?
False
Is 29 a factor of 58898?
False
Does 11 divide 1199?
True
Is 6279 a multiple of 23?
True
Does 16 divide 445?
False
Does 18 divide 6282?
True
Does 13 divide 39702?
True
Is 3550 a multiple of 25?
True
Does 35 divide 2454?
False
Does 15 divide 3348?
False
Is 6 a factor of 2393?
False
Is 16 a factor of 5092?
False
Does 64 divide 13952?
True
Is 25 a factor of 875?
True
Is 23130 a multiple of 10?
True
Is 16 a factor of 5731?
False
Does 29 divide 1515?
False
Is 1235 a multiple of 76?
False
Is 34 a factor of 26969?
False
Is 7927 a multiple of 23?
False
Is 47 a factor of 8977?
True
Is 12 a factor of 5024?
False
Is 12 a factor of 1788?
True
Is 13 a factor of 1024?
False
Is 2293 a multiple of 17?
False
Does 20 divide 952?
False
Is 1260 a multiple of 10?
True
Is 8 a factor of 13578?
False
Is 304 a multiple of 5?
False
Does 18 divide 3528?
True
Is 1386 a multiple of 77?
True
Is 63 a factor of 567?
True
Is 18 a factor of 3636?
True
Is 3253 a multiple of 27?
False
Is 8 a factor of 384?
True
Is 15 a factor of 479?
False
Does 32 divide 64?
True
Is 27 a factor of 2970?
True
Is 85332 a multiple of 26?
True
Does 3 divide 15?
True
Is 27 a factor of 5643?
True
Is 78 a factor of 27690?
True
Is 307 a multiple of 5?
False
Is 7124 a multiple of 21?
False
Is 400 a multiple of 16?
True
Does 61 divide 4514?
True
Is 114 a factor of 2394?
True
Does 102 divide 170